 15*n**2 - 11*n. Let y(s) = 3*i(s) + 8*t(s). Let d = 0 + 3. Suppose -2*b = o - 5*b + 5, 0 = 5*o - d*b + 1. Give y(o).
4
Let d(o) be the second derivative of o**4/12 - 2*o**3/3 - 4*o**2 - 2*o + 21. Determine d(7).
13
Let s(g) be the third derivative of -7*g**6/120 + g**3/6 - g**2. Suppose 2*m = 10 - 8. Determine s(m).
-6
Suppose 2*t = 6*t + 4. Let o(q) = 5*q. Let l(v) = v. Let k(h) = t*o(h) + 4*l(h). Suppose 2 = -5*p - 18. What is k(p)?
4
Let i(l) = l**2 + 12*l - 9. Suppose d - 6*d = 65. Let h be i(d). Let w(g) = 4*g - 5. Determine w(h).
11
Let c(m) be the second derivative of -m**4/12 + m**3 + 7*m**2/2 + 8*m. Determine c(6).
7
Let n(k) be the second derivative of -k**3/3 - k**2 - 5*k. Determine n(-2).
2
Let m(j) be the third derivative of -j**7/1008 + j**6/720 - j**5/20 - j**2. Let d(c) be the third derivative of m(c). Give d(-2).
11
Let j(b) be the first derivative of b**2 - 1. Let m(g) = 3 - 5*g**2 + g**3 - 10 + 9. Let s be m(5). What is j(s)?
4
Let u(f) = f - 7. Let b be u(5). Let v(t) = t**3 - 5*t**2 + 4*t + 4. Let q be v(4). Let x(j) = 7 - j + q*j - 4. Give x(b).
-3
Let y(i) = 3*i + 1. Let f(q) = 4*q. Let c(d) = -4*f(d) + 5*y(d). Determine c(5).
0
Let o(y) = y**2 + 5*y + 6. Let l(b) = b**3 - 18*b**2 - 20*b + 14. Let w be l(19). What is o(w)?
6
Let x(v) be the second derivative of v**5/20 + 5*v**4/12 - v**3/3 + 7*v**2/2 + 4*v. Give x(-6).
-17
Let m(d) = -d**2 - 2*d + 3. Let u(f) = -f**3 - 6*f**2 - 5*f - 5. Let g be u(-5). What is m(g)?
-12
Let p(l) = -4 + 1 - l**2 + 3 + 1 - l. Give p(-2).
-1
Let f(o) = 298*o**2 - 3 + o - 589*o**2 + 292*o**2. Determine f(3).
9
Let l(t) = -2*t**3 - 9*t**2 - 7*t + 3. Let b(f) = -f**3 - 5*f**2 - 3*f + 1. Let z(k) = 5*b(k) - 2*l(k). What is z(-7)?
6
Suppose -4*h - 15 = h. Let r(w) = 2*w**2 + 3*w - 3. Calculate r(h).
6
Let m(y) be the first derivative of y**4/4 - y**3/6 + y + 2. Let h(f) be the first derivative of m(f). Let o = 0 - 2. Calculate h(o).
14
Suppose -19 = -s - z - 3*z, s = 2*z - 11. Let b(r) = -27*r**3 - 2*r**2 - 2*r - 1. Determine b(s).
26
Let k(o) = -5*o + 2*o**2 - 1 + 0*o + 4 - 3*o**2. Calculate k(-3).
9
Let h(v) be the second derivative of v**4/12 - v**3 - 5*v**2 + 2*v - 20. Give h(7).
-3
Let y(q) = -q. Let a be y(6). Let t = 8 + a. Let c(d) = -2*d - d - d**2 + d - t. Determine c(-2).
-2
Let s be ((-3)/2 - -2)*4. Let g(z) = z + 0 + s - 5 - 9. Calculate g(6).
-6
Let o(c) = -9*c**3 - c**2 - c + 1. Let g be o(1). Let b(l) = 2*l + 9. What is b(g)?
-11
Suppose -3*o + 3*z = 0, o + 4*z = -0*z - 25. Let f = o + 11. Let t be f + -2 + (-1 - 0). Let q(u) = -u**3 + 3*u**2 + 3*u + 1. Determine q(t).
10
Let g(c) = -5 + 4 + 4 + c**2 + 5*c. Let w be g(-5). Suppose -5*s - 10 = w*t, 4*s + 0*t = 3*t + 19. Let p(j) = -5*j**3 - j + 1. What is p(s)?
-5
Let q = -14 + 15. Let s(t) = -7*t**3 - t**2 + 1. Calculate s(q).
-7
Let a(h) = -5*h - 1. Let p = -5 + 32. Suppose -p = 5*t + 3*r - 6, 2*t + 12 = -3*r. Let k = t - -2. Give a(k).
4
Let k be 9 - 8 - (2 - 1). Let x(o) be the first derivative of -o**2 - 1 - 1/3*o**3 + k*o. Calculate x(-1).
1
Let o = -4 - -7. Let h be (-1 - 2/(-3))*-6. Let m(l) = 2*l**h - 2*l**2 - 5*l + 3 + l**2 + 0. Calculate m(o).
-3
Suppose -3*p - 10 = -8*p. Suppose 4*o - p*o = 8. Let i(f) be the first derivative of -f**4/4 + 4*f**3/3 - f**2/2 - 3*f - 2. Determine i(o).
-7
Let d(r) = r**3 + 5*r**2 - 5*r + 3. Let u be d(-6). Let o(z) be the first derivative of -z**4/4 - 4*z**3/3 - z**2 - 1. Calculate o(u).
-3
Let w(n) = 3*n - 4. Let d be 3 + 0 - (-57)/19. Calculate w(d).
14
Let h(z) be the first derivative of 2*z**3/3 + z**2/2 - 2*z - 4. What is h(-2)?
4
Let m(r) = r - 1. Let q(s) = 5*s + 2. Let p(z) = -6*m(z) + q(z). Let i(v) = v - 1. Let w be i(5). Determine p(w).
4
Suppose -4*m = -5 - 11. Suppose 3*h - 5*d + 1 = -9, -m*d + 25 = h. Let a(p) be the second derivative of -p**5/20 + p**4/3 + 2*p**3/3 + 3*p**2 - 2*p. Give a(h).
1
Let i(s) = 4*s**2 - s**3 - 3*s**2 - 5*s**3. Suppose 2 = -0*v + 2*v. Let d be i(v). Let u(z) = z**2 + 5*z + 4. What is u(d)?
4
Suppose -3*k - 38 + 8 = 0. Let j = -10 - k. Let o(s) = s**3 + s**2 - s - 7. Determine o(j).
-7
Let y(h) be the third derivative of h**4/12 - h**3/6 - 9*h**2. Give y(2).
3
Let x(j) = j**2 - 13*j + 16. Let b be x(11). Let g(v) = -v**3 - 6*v**2 + v + 5. Give g(b).
-1
Let p(z) = 4*z**3 + z**2 - 3*z - 1. Let f(w) = -19*w**3 - 6*w**2 + 16*w + 5. Let l(m) = 2*f(m) + 11*p(m). Suppose 12*j = 5 - 17. What is l(j)?
-7
Suppose -8*k - 15 = -3*k. Let x(y) = y**2 - 4. Determine x(k).
5
Let u = -5 + 12. Suppose 5*d + 3*r = 25, 2*d + 2*r + 21 = u*r. Let l(v) = v - 1. Let h(w) = -2*w + 1. Let k(f) = 2*h(f) + 5*l(f). Calculate k(d).
-1
Let s(l) = -7*l**2 + 15*l + 2. Let i(u) = 3*u**2 - 7*u - 1. Let g(w) = -9*i(w) - 4*s(w). Determine g(-3).
1
Let p = -16 - -11. Let n(a) = -5*a + 4. Let m(d) = -7*d + 3. Let g(b) = -4*b + 2. Let o(c) = -5*g(c) + 2*m(c). Let l(z) = p*n(z) - 4*o(z). Calculate l(0).
-4
Let l(m) be the first derivative of m**4/4 + 3*m**2 - 3*m - 7. Let q(p) = p**3 + p**2 + 5*p - 3. Let b(v) = -2*l(v) + 3*q(v). What is b(-3)?
-12
Let t(l) be the first derivative of l**3/3 + 3*l**2/2 + 7*l + 18. Calculate t(-5).
17
Let a = -3 - 0. Suppose -4*x + 15 = -5*t, 3*x - 5*t = 2 + 8. Let m(s) = 2*s**2 - 7*s - 3. Let q(u) = -u**2 + 4*u + 1. Let r(c) = x*q(c) + 3*m(c). What is r(a)?
8
Let g = 3 - -2. Suppose -g*s + 12 = -s. Suppose 0 = s*d - 2 + 14. Let k(m) = m**3 + 6*m**2 + 4*m - 4. Calculate k(d).
12
Let r(n) = 2*n**3 - 3*n**3 + 3*n + 1 + 2 + n**2 + 0*n**3. Give r(-2).
9
Let y(x) = -x**3 - x**2 - x - 1. Let q(j) = -3*j - 1. Let b be q(-1). Let v(w) = 3*w**3 + 4*w + 2. Let r(m) = b*y(m) + v(m). What is r(2)?
4
Let t(p) = -4*p - 3. Let x(d) = d**3 + 2*d**2 - 6*d - 6. Let b be x(-3). Calculate t(b).
-15
Suppose 4*f = 3*f. Let x(j) = 9*j**3 - 8*j**2 - 10*j**3 + f*j + 8 - 7*j. Calculate x(-7).
8
Let r(z) be the third derivative of z**5/60 + z**3/2 - 5*z**2. Give r(0).
3
Let o(d) = -d**3 + 4*d**2 - d - 1. Suppose -100*q = -104*q + 12. What is o(q)?
5
Let y = 6 + -3. Let p(g) = -g. Calculate p(y).
-3
Let n(g) = -g + 1. Let t(x) = 2*x - 7. Let o be t(6). Let y(p) = p**2 - 10*p + 1. Let u(q) = o*n(q) - y(q). Calculate u(5).
4
Let q(k) = 2 + 290*k - 3*k**2 - 2*k**3 - 290*k. Suppose -i = 2*b + 6, -2*b + 16 = -6*b - 4*i. What is q(b)?
6
Let t(r) = -r**2 - 1. Let b(h) = h**2 - 2*h + 1. Let d = 3 + -2. Let q(i) = d*b(i) + 2*t(i). What is q(-2)?
-1
Let a = -12 - -15. Let i(v) = 0*v + 3 - a*v + v + v. Calculate i(0).
3
Suppose t + 4*t + 4*k - 16 = 0, -4*k + 16 = 0. Suppose t = 5*d + 25 - 5. Let h(r) = -r**3 - 4*r**2 - 2. Calculate h(d).
-2
Let f(a) = -a**2 - 7*a + 5. Suppose -4*u = -g + 12, 4*g + 5*u + 6 + 51 = 0. Determine f(g).
-3
Let l be 3*(-1 - 0/(-1)). Let m(n) = n**3 + 6*n**2. Let f(x) = x**3 + 7*x**2 - x - 1. Let v(r) = 3*f(r) - 4*m(r). Give v(l).
6
Suppose 2*l = -2*l + 24. Let z(t) = -9*t - 4. Let s(d) = d. Let n(b) = l*s(b) + z(b). What is n(-3)?
5
Let f(q) = -5*q**2 + 15*q + 8. Let j(k) = 2*k**2 - 5*k - 3. Let b(r) = -3*f(r) - 8*j(r). Give b(-4).
4
Let y = 3 + -2. Let a = -10 + 6. Let w = y - a. Let i(q) = q**2 - 4*q - 4. Give i(w).
1
Let a(n) = n. Suppose -12 = -r - 7. Suppose r*f = f - 20. What is a(f)?
-5
Let r(z) = -z**2. Let t(v) = 7*v**2 - v + 1. Suppose j - 5 = 6*j. Let o be (0 - 2)*1 - 4. Let b(i) = j*t(i) + o*r(i). Calculate b(2).
-3
Let s(k) be the first derivative of k**3/3 + 5*k**2/2 - k - 1. Suppose 8*b + 16 = 4*b. Give s(b).
-5
Let y(b) = b**3 + 9*b**2 - b - 1. Let d(k) = k**3 + 8*k**2 - k - 1. Let f(q) = 7*d(q) - 6*y(q). Let z(t) = t - 6. Let v be z(3). Determine f(v).
-7
Let u be 3/(-3) + 24/3. Suppose 2*o - 4*i = 6 - 34, o = -2*i + 6. Let b = o + u. Let d(c) = -c - 1. Determine d(b).
-4
Let k(v) = 2*v**3 - 5*v + 0*v**2 - v - 5*v**2 - v**3. Let o = 37 + -31. Give k(o).
0
Let w(c) = 4*c**3 - 2*c**2 - c - 1. Let h(p) = 3*p**3 - 2*p**2 - p - 1. Let z(s) = -3*h(s) + 2*w(s). Determine z(3).
-5
Let s(y) be the second derivative of y**6/360 + y**5/15 + y**4/4 + y**3/2 - 2*y. Let x(f) be the second derivative of s(f). What is x(-5)?
-9
Let s(v) = v**2 + 3*v + 4. Let z(m) = -m**3 + 4*m**2 + 5*m - 2. Let y(d) = -2*d - 7. Let x be y(-6). Let t be z(x). Let q = t + -1. Give s(q).
4
Suppose 4*x - 12 = 6*x. Let z(t) = -2*t - 9. What is z(x)?
3
Let m(i) = -i - 10. Let r = 0 + 2